= 7413 + -7192. What is the remainder when x is divided by 165?
56
Suppose 896*b - 23529 = 72*b + 111*b. Let c = 42 + -30. What is the remainder when b is divided by c?
9
Suppose 3 = 9*c - 15. Let z(u) = 10*u**3 - 3*u**2 + 7*u - 2. What is the remainder when z(c) is divided by 15?
5
Let w = -12881 + 12918. Let a(s) = -3*s**3 - s**2 + 3*s - 3. Calculate the remainder when a(-5) is divided by w.
36
Suppose 5*u + d + 2815 = -2*d, 0 = -4*u - 4*d - 2252. Let c = u - -575. What is the remainder when 222 is divided by c?
6
Suppose -674*r + 3339 = -665*r. Calculate the remainder when r is divided by 88.
19
Suppose -48 = -5*t - t. Let w(c) = -c + t*c - c - 17. What is the remainder when 51 is divided by w(5)?
12
Let d be (160/(-4))/(-10) - 1. Suppose 2*a - 208 = -2*a. Calculate the remainder when a is divided by (-1106)/(-42) + 2/d.
25
Let h = 23982 + -23961. Calculate the remainder when 2724 is divided by h.
15
Let r = 58 - 36. Suppose 0 = 837*o - 765*o - 8778 - 2238. What is the remainder when o is divided by r?
21
Suppose -2*q - 5*n = -208, 3*q - 6*n + 4*n - 331 = 0. Let v be ((-24)/(-48))/(2/8). Suppose q*k - 107*k = v. Calculate the remainder when 2 is divided by k.
0
Let n be (0 - (-1)/3)/((-1)/(-15)). Let y(d) = 4*d - 9. Let c be y(n). Calculate the remainder when -12*c/3*(-9)/12 is divided by 19.
14
Suppose 3504*a + 14319 = 3547*a. Calculate the remainder when a is divided by 160.
13
Suppose 4*g - 512 = 64. Suppose s + 3*s = 3*q + 278, 4*q + g = 2*s. Calculate the remainder when s is divided by 7.
5
Let g be 4 + ((-35)/(-5) - -33). Suppose -g*x + 8456 = -16*x. Calculate the remainder when x is divided by 19.
17
Let u(z) = -15*z - 43. Let w be u(-4). Suppose d - w = -3. What is the remainder when 18 is divided by d?
4
Let a = 12757 + -11627. Calculate the remainder when a is divided by 285.
275
Suppose -4*l + 0*y + 5*y = -655, -l - 2*y = -167. Calculate the remainder when l is divided by 94.
71
Let b = 19 + -6. Let y = 30024 + -29953. Calculate the remainder when y is divided by b.
6
Let n(z) = 122*z**2 + 10*z + 8. What is the remainder when 821 is divided by n(-1)?
101
Let o be -75*((-8)/(-30))/(4/(-6)). Let i = -28 + o. Suppose i*s + v = 31, 3*v - 24 - 30 = -3*s. What is the remainder when 38 is divided by s?
12
Let x(q) = q**3 - 1 - 2*q + 12 - 4*q**2 + 17*q**2. Suppose -15*l - 770 = 5*l - 1690. What is the remainder when x(-11) is divided by l?
45
Let x = 122 - -27. Let k = x + -72. Let s = -46 + k. What is the remainder when 89 is divided by s?
27
Let n(m) = 4*m**2 + 11*m - 11. Let u be n(1). Let k = 5 - 2. What is the remainder when (u + -3)*k - -1 is divided by 2?
0
What is the remainder when 4321 is divided by ((-12502)/665)/(1/(-5))?
91
Let n(a) = a**3 - 2*a**2 + 4. Let j = -310 + 332. What is the remainder when j is divided by n(3)?
9
Suppose h + 0*h + 5 = 0. Suppose -12*y - 350 = -22*y. Calculate the remainder when y is divided by (-45)/20*(h - -1).
8
What is the remainder when 170/15*135/2 - (-39 + 35) is divided by 40?
9
Let f = 421 + -360. What is the remainder when 482 is divided by f?
55
Let j = 4624 + -4572. Calculate the remainder when 933 is divided by j.
49
Suppose 4*d - 4*s - 232 = 0, -d + 3*s + 333 = 267. What is the remainder when 77 is divided by d?
23
Let b be 12198/54 - 3/(-27). Suppose -o + 3*c + 82 = -b, 298 = o - c. Calculate the remainder when o is divided by 7.
6
Let t be 3/3*-3 + 7/1. Calculate the remainder when 195 is divided by t/((-2)/3 + 224/300).
45
Let x(g) = g**3 - 27*g**2 - 85*g - 147. Suppose 3*m + m - 29 = 3*i, 5*i + 20 = m. What is the remainder when m is divided by x(30)?
2
What is the remainder when 2 + (-205)/(-2) - (-234)/(-156) is divided by 26?
25
Let o = 312 + -309. Suppose 0 = -j + 3*u + 270 + 462, -2*j + 1455 = o*u. What is the remainder when j is divided by 17?
15
Suppose 3*l = 3*d + 894, -2*l + 507 = -5*d - 74. Let u = 189 + -15. Suppose 5*r - u - 81 = 0. What is the remainder when l is divided by r?
48
Suppose 3*c - 5*c - 1357 = -j, -4*j = -5*c - 5425. Suppose -480 + j = 5*l. What is the remainder when l is divided by 44?
43
Suppose -25 = 5*v, 6*v - 3*v = -x + 11. Calculate the remainder when 467 is divided by x.
25
Let d(b) = -3*b**2 - 5*b - 24. Let q be d(-6). Let v = q - -217. Calculate the remainder when v/23 - 54/(-2) is divided by 19.
13
Suppose 8*p + 10 = 9*p + w, -2*p + 4*w = 10. Suppose 8*g - 219 = p*g. Calculate the remainder when 142 is divided by g.
69
Suppose 5541 = -44*f + 48397. Calculate the remainder when f is divided by 49.
43
Suppose 0*y - 5*y = -40. Suppose -9620 = -72*p - 109*p - 4*p. Calculate the remainder when p is divided by y.
4
Suppose -13*y = -6*y - 406. Suppose y = 4*a - 14. Let d(l) = 8*l**3 + 2*l**2 - 2*l + 3. What is the remainder when d(2) is divided by a?
17
Suppose m - 47 = w, -3*m + 15 = 7*w + 4*w. Suppose 0*t = -2*t + 292. Calculate the remainder when t is divided by m.
32
Suppose 94 = -28*p + 430. Let q = -28 - -20. What is the remainder when (q/6)/((-8)/192) is divided by p?
8
Let l be (154/(-33))/((-3)/90). Suppose -35*z + 31*z + l = 0. Suppose 4 + 866 = 5*f. What is the remainder when f is divided by z?
34
Let y = -56 - -9. Let i = y + 83. Suppose 5*d = 3*s - i, 2*s - 29 = 2*d + 3*d. What is the remainder when 31 is divided by s?
3
Suppose 0 = 8*x + 23*x - 1240. What is the remainder when 213 is divided by x?
13
What is the remainder when (2 + 133 + 2)/(8/144) - -8 is divided by 1224?
26
Let y(j) = -j**3 + 3*j**2 + 70*j + 30. Let t = 3 + -2. Calculate the remainder when (-1 - 0) + t + 85 is divided by y(10).
25
Let r(k) = -3*k + 20. Suppose -5*z = -4*q - 2*z + 75, 0 = q - 5*z - 23. Suppose -8*g - 134 - q = 0. What is the remainder when r(g) is divided by 20?
17
Let h = 290 - 4. Suppose 14*z = 10*z + 288. Calculate the remainder when h is divided by z.
70
Let k(n) = -n**3 - 8*n**2 - 13*n + 1. Let v(i) = -i**3 - 5*i**2 - 5*i - 13. Calculate the remainder when v(-6) is divided by k(-6).
4
Let g(j) = j**3 + 56*j**2 - 143*j - 1549. Suppose -924 = -5*k - z, -908 = -2*k - 3*k + 3*z. What is the remainder when k is divided by g(-58)?
14
Let d(i) = -9*i - 115. Let f be d(-13). Suppose -8 = 4*q - 6*g + 10*g, f*q - 16 = 2*g. What is the remainder when 26 is divided by q?
2
Let s = 12496 + -10155. What is the remainder when s is divided by 138?
133
Suppose -6*j + 208 + 56 = 0. What is the remainder when (4 - (-46)/(-12)) + (-14935)/(-174) is divided by j?
42
Let n = -1 + 34. Suppose 2*y - 56*k + 59*k - 22 = 0, -5*y + 89 = -k. Calculate the remainder when n is divided by y.
16
Calculate the remainder when 1140 is divided by 31 - -1 - ((-10)/(-15))/(2/(-3)).
18
Suppose 3*g + 137 + 199 = 0. Suppose -3*y + 2*v + 11 = -72, -2*y + 68 = 5*v. What is the remainder when (-17)/((-340)/g)*-15*1 is divided by y?
26
Let g = -204 - -202. Calculate the remainder when ((-1)/g)/((-11428)/(-1904) - 6) is divided by 8.
6
Suppose -988 = -4*z + 632. Let k = z + -216. Calculate the remainder when k is divided by 19.
18
Suppose f + 2*d - 7 = 0, -2*f - d = 2*d - 10. Calculate the remainder when (15 + 1)*f/(-2) is divided by 6.
2
Let h = -206 + 211. Let z(a) = -a**3 + 3*a**2 + 10*a + 12. Calculate the remainder when 31 is divided by z(h).
7
Let b = -23 + 51. Suppose 0 = -3*a - 12, 2*m = -0*m + 5*a + b. Suppose -2*x - z + 64 = 17, 0 = 3*x + m*z - 83. Calculate the remainder when 80 is divided by x.
17
Let s(o) = 6*o**2 + 4*o + 4. Suppose 12*p - 2*p = 30. Suppose 4*g - p*n - 137 = 0, -3*n - 172 = -7*g + 2*g. Calculate the remainder when s(-5) is divided by g.
29
Let b = 56 - 44. Let r(i) = b*i**2 + 8 + 0*i**3 - i**3 - 19*i**2 - 4*i - 6. Calculate the remainder when r(-8) is divided by 20.
18
Suppose 0 = 13*p - 18*p + 160. Let a be 2/8 + 184/p. Suppose 2*m = -4*o + 60, -a*o + 5*m + 37 = -5*o. Calculate the remainder when o is divided by 9.
8
Let n = 126 + -127. Let x = n + 4. Calculate the remainder when 10 is divided by x.
1
Suppose 23 + 0 = 3*a + 4*r, 42 = 2*a - 4*r. Suppose -4*w = -500 - 36. What is the remainder when w is divided by a?
4
Suppose -5*j = 3*p - 229, -2*p + j + 143 = -14. Let u = 86 - -126. Let s = u - 198. What is the remainder when p is divided by s?
8
What is the remainder when 725 is divided by (-33)/(-44)*(-324)/(-3)?
77
Let p be (0 + (-3)/6)*-6. Suppose 19 - 4 = 